e number?
True
Let j(k) = k**2 - 3*k + 3. Let n be j(3). Suppose -z + n*f = f - 48, f = 0. Suppose 2*g = -0*v + 4*v - 222, v - 3*g - z = 0. Is v a prime number?
False
Let n(p) = -82*p + 1. Let m be (2/(-4))/(3/6). Is n(m) a prime number?
True
Let i = -1 - 5. Let u(f) = -f**2 + 2*f + 4. Let l be u(i). Let o = l + 65. Is o a prime number?
False
Let f be (-3)/2*(-20)/3. Let h be 51/(-12) - -4 - 3/4. Let x = f - h. Is x composite?
False
Suppose 0 = -5*z + 9 + 1. Suppose -3*n + z*v + 645 = -280, -4*n = -2*v - 1230. Is n prime?
False
Let g be (-2)/(2*(-4)/452). Let z = g + -34. Is z a composite number?
False
Suppose 0 = 4*v - 5*w - 23, 3*v + 2*w = -0*w. Suppose v*x = 5*x - 402. Is x a prime number?
False
Let c(z) = -2*z**2 - 9*z - 10. Let a(p) = p. Let v be a(-7). Let d be c(v). Let m = d + 66. Is m prime?
False
Suppose 4*x + v = 266 - 8, 0 = -x - 5*v + 55. Is x a prime number?
False
Is (-3)/(-21) + (-2134)/(-7) composite?
True
Suppose -5*i + 906 = -3*t, 4*t = -0*i - i - 1185. Let w = 176 + t. Let j = w - -186. Is j a prime number?
False
Suppose 8*v - 778 - 526 = 0. Is v prime?
True
Suppose -4*q - n = -q - 1442, -5*n = -4*q + 1891. Is q a prime number?
True
Suppose 2*h = 5*w - 1765, 0 = 3*w + 4*h + h - 1059. Is w composite?
False
Is (5/15)/((-2)/(-948)) a composite number?
True
Let z(n) = 27*n - 3. Let a be z(4). Let b(l) = l**3 + 13*l**2 + 14*l + 14. Let t be b(-12). Let h = a - t. Is h composite?
True
Let y = 7 + -3. Suppose 380 = y*k - 4*z, 4*k = z - 0*z + 386. Is k a prime number?
True
Let g be 9416/20 - 1/(-5). Let i = g + -310. Is i prime?
False
Let l = 536 - 379. Is l composite?
False
Let f(t) = -t**2 + 5*t - 1. Let m be f(3). Let s = -484 + 777. Suppose -7*b = -4*v - 4*b + s, -b + 390 = m*v. Is v a prime number?
False
Is 42/(-9)*(-6)/4 a composite number?
False
Suppose -240 = 4*v - 6*v + r, 5*v - r = 597. Let z be -30*1*-78*(-3)/(-15). Suppose z + v = k. Is k a prime number?
True
Suppose -2*q + 2 = 6. Let x be (594/(-24))/(q/(-8)). Let c = 78 - x. Is c prime?
False
Let j be 103/2 + 18/12. Let c = -34 + j. Is c a composite number?
False
Suppose 73 = 5*m - 47. Let w = m - 5. Is w prime?
True
Let h = 3528 + -2467. Is h composite?
False
Suppose 3*a - 669 - 443 = c, -5*a + 1860 = 5*c. Is a a composite number?
True
Let c(g) = -10*g**2 + 1 + 104*g**2 + g - g - g. Is c(1) a prime number?
False
Let u = 583 - 186. Is u composite?
False
Suppose -u + 5 = -0*u. Suppose -u*g = -25, 4*k + g + 30 = 5*k. Suppose f - k = -2*d, -2*f + 3*d = -0*f - 77. Is f composite?
False
Let y = 1206 + -2173. Let j = y + 1356. Is j a composite number?
False
Suppose d = 2*d - 185. Suppose 4*w - 27 = d. Is w a prime number?
True
Suppose 0 = -5*d - 20, -2*d + 4*d = 4*t - 256. Is t composite?
True
Let a be 12/(-30) + (-54)/(-10). Suppose -12 = -a*p + p. Is 214/4 + p/(-6) a composite number?
False
Let f be (0 + 1249/4)*4. Suppose 0 = g + 2*a - 427, 0*g - 2*a - f = -3*g. Is g a prime number?
True
Let n(p) = 14*p**2 + 3*p + 3. Is n(-2) a prime number?
True
Let t(p) be the second derivative of 11*p**4/12 + p**3/6 + p**2/2 + p. Suppose 0 = -4*a + 3 + 5. Is t(a) composite?
False
Let f = 4 + -3. Is (-2 + 111/1)*f a prime number?
True
Let h = 1615 + -554. Is h prime?
True
Let g(y) = 203*y - 17. Is g(6) a composite number?
False
Let d(t) be the second derivative of t**4/3 + 5*t**3/6 - 2*t**2 + 14*t. Let b(m) = m**2 + 3*m - 7. Let s be b(-5). Is d(s) composite?
False
Let d be (9/3 + 1)/2. Is (-1)/(((-4)/634)/d) a composite number?
False
Let o = 667 - 338. Is o a prime number?
False
Let f be ((-12)/10)/(2/(-5)). Suppose 2*u + f = 31. Let h = u + 1. Is h composite?
True
Let d(v) = -v**2 + 8*v - 5. Let c be d(7). Suppose -n - 420 = c*n. Let s = 219 + n. Is s prime?
True
Is 8/(-32) - 466/(-8) composite?
True
Let a = -164 + 369. Is a a prime number?
False
Suppose -5*b = -10*b + 445. Is b composite?
False
Let n(r) = 2*r**2 - 8*r + 5. Let y be n(5). Suppose -4*d = -d - y. Suppose -d*i + 2*i = -159. Is i prime?
True
Suppose -d + 3*u + 3 = 7, u - 28 = -5*d. Suppose -d*l + 460 + 495 = 0. Is l a composite number?
False
Let h(r) = -r**3 - r**2 - r + 2. Suppose -3*q = 4*x + 16, -3*q + 4 = -0*q - x. Let i be h(q). Suppose -3*f + 145 = -i*f. Is f a prime number?
False
Let p = 8 + -5. Suppose -75 = -p*r - 18. Is r composite?
False
Let m(w) be the third derivative of w**4/24 + w**3/6 - w**2. Let b be m(3). Suppose 0*o - b*o + 76 = 0. Is o prime?
True
Suppose 3*w + 1015 = d, 1417 + 288 = -5*w - 5*d. Let a be w/(-12) + 3/(-12). Suppose 4*g - a = -4*f + 40, 2*g = -8. Is f a prime number?
False
Suppose -88 = -2*d + 2*j, 3*d + 103 - 247 = -3*j. Let p = d - -9. Is p prime?
False
Let r(q) = -3*q**3 - q**2 - 1. Let k be r(-2). Let f be (-90)/12*(-8)/(-6). Let b = f + k. Is b a prime number?
False
Suppose -5*q + 2*u + 4164 = 828, -1995 = -3*q - u. Suppose -q - 359 = -5*b. Is b a prime number?
False
Let t(i) = -51*i. Suppose -25 = 7*y - 2*y. Let a be t(y). Suppose 5*u = 5*p - 425, -5*p + 2*p - 4*u + a = 0. Is p a composite number?
True
Is (1 + 0)*(-2 - -1 - -1190) prime?
False
Let o = 0 + 6. Let k be (-28)/o*(-3)/2. Suppose 154 - k = 3*a. Is a prime?
False
Let w(r) be the first derivative of -9*r**4/4 + r**3/3 - 3*r**2/2 - 3*r - 3. Suppose -6*q = -q + 10. Is w(q) a prime number?
True
Suppose 3*m - 30 = -5*k, k = -3*m - 3*k + 27. Suppose 0*v = v + m*f + 21, 4*v + 5*f + 9 = 0. Let i = v - -2. Is i a prime number?
False
Let i be 0/(-1) - 1 - -3. Suppose i*m = 23 + 99. Suppose -496 = -5*a - m. Is a a prime number?
False
Is (3/2 + 2)*34 prime?
False
Suppose 0 = 4*m - 3*a - 1878, -3*a - 9 = -3. Suppose 5*t - 167 = m. Is t a composite number?
False
Let c(z) be the third derivative of z**6/120 + 11*z**5/60 + 3*z**4/8 + 3*z**2. Let p = -10 - 0. Is c(p) composite?
True
Is ((-5)/(5/2))/(16/(-1016)) a composite number?
False
Let h = 154 - 71. Is h composite?
False
Let d be 65/9 - (-10)/(-45). Suppose 3*p - 40 = -d. Is p a composite number?
False
Let r(s) = -s + 1. Let y be r(1). Suppose y = -4*d - 0*d + 316. Is d prime?
True
Let b(d) be the second derivative of -d**5/20 + d**4/2 + d**3/2 + d**2/2 + 11*d. Suppose 3*y - 3 = -m + 6, 16 = 2*m + 5*y. Is b(m) a prime number?
True
Let o(h) = -252*h + 4. Let d be o(-2). Suppose 0*b + d = 4*b. Is b a prime number?
True
Let j(i) = 7*i - 3. Let f be (-3*(-14)/6)/1. Is j(f) composite?
True
Let p(k) be the second derivative of 85*k**3/6 + k**2 - 3*k. Is p(3) a composite number?
False
Suppose -129 = -6*d + 3*d. Is d composite?
False
Let v(z) = 2*z**2 + 13*z - 12. Let f(x) = x**2 + x - 1. Let q(m) = 4*f(m) - v(m). Let c = -5 - -11. Is q(c) prime?
False
Let w = -1 - -22. Let f = 46 - w. Is f a prime number?
False
Suppose 2*q + 1260 = 4*q - 2*f, q - 629 = 2*f. Is q/4 + (-4)/(-16) prime?
False
Let d(q) = -36*q - 2. Let n be d(4). Let r be n/(-1 - 0/(-1)). Let y = r - 19. Is y composite?
False
Let x(i) be the first derivative of -i**4/4 - i**3/3 - 2*i - 1. Let z be x(-2). Suppose -2*v = -4*u - 44, 4*v + 4*u - z*u = 88. Is v a prime number?
False
Suppose 9 = -2*i - i. Is i + 62/3*3 a composite number?
False
Suppose -3*m + 18 = 3*l, 5*m - l = -5*l + 25. Suppose x - m = z, -3*z = -0*z + 5*x - 37. Suppose -z*o + 251 = -3*o. Is o prime?
True
Let j = -3 - 0. Is 1/(j/(-102)) + 1 a composite number?
True
Suppose 0 = -l - l - 14. Let n(p) = -6*p + 9. Let f(t) = 7*t - 10. Let y(u) = 4*f(u) + 5*n(u). Is y(l) a composite number?
False
Is (-12204)/(-30) - (0 - 2/10) a prime number?
False
Let j = -107 + 193. Is j prime?
False
Let p be ((-3)/9)/((-1)/3). Suppose 4*o - 2*n = -226, -n - p + 0 = 0. Let a = -20 - o. Is a prime?
True
Let x(u) = 11*u**2 + 16*u - 10. Let n(z) = -z**3 + 6*z**2 + 9*z - 7. Let y be n(7). Is x(y) composite?
False
Suppose 3*w + 10 + 7 = -4*y, 5*w + 15 = -4*y. Is (2 + (21 - 4))*w prime?
True
Let a(m) = -m**3 - 10*m**2 + 12*m + 14. Let g be a(-11). Suppose g*x - 311 = 478. Is x a composite number?
False
Suppose 9*m - 3*m - 786 = 0. Is m prime?
True
Let n(q) = -2*q**2 + 10*q + 7. Let u(a) = -a**2 + 9*a + 6. Let p(d) = 2*n(d) - 3*u(d). Let b(z) = -z**3 - 5. Let x be b(0). Is p(x) a composite number?
True
Let b be 3 - (4 - (-8)/(-2)). Is 17/(b/((-84)/(-4))) composite?
True
Suppose -3*z - i + 6 = -z, 2*i + 2 = 3*z. Suppose 0 = -4*n + z*n + 254. Is n prime?
True
Let f(d) = d + 17. Let x be 